tors of -5*(-1 - 1)/w?
5
Let d = 76 + -20. List the prime factors of d.
2, 7
Suppose -5*u + 309 = -11. Let b = -27 + u. List the prime factors of b.
37
Let n(w) be the second derivative of w**3/3 + 2*w**2 - 2*w. List the prime factors of n(4).
2, 3
Suppose m + 9 + 0 = 0. Let k = m - -14. List the prime factors of k/20 - 19/(-4).
5
Let f(l) = -32*l - 22. List the prime factors of f(-5).
2, 3, 23
Let w(y) be the second derivative of y**4/6 + y**2/2 - y. List the prime factors of w(-4).
3, 11
Let k(f) be the third derivative of f**4/4 + f**3/3 + 2*f**2. Let u be k(2). Suppose u = 2*x - 4. List the prime factors of x.
3
Suppose -u - 21 + 1 = 0. Let t(y) = -29*y**3 - y**2 + 1. Let q be t(1). Let o = u - q. List the prime factors of o.
3
What are the prime factors of (-1263)/(-18) - (-3)/(-18)?
2, 5, 7
Let i(y) = 2*y**2 + 2*y + 2. Let u be i(-2). Let l be -1*(3 - u - 2). Suppose -32 = -l*d - 12. List the prime factors of d.
2
Let r(i) = i**2 + 5 - 3*i + 0 - 1 + 5*i. What are the prime factors of r(-3)?
7
Suppose 0 = d - 7 - 15. Suppose 6*r - d = 4*r. What are the prime factors of r?
11
Let i be (65/(-10))/(1/(-2)). Suppose 5*v - i = 4*v. List the prime factors of v.
13
Let v = 41 - 26. What are the prime factors of v?
3, 5
Suppose -10 = -3*l + l. Suppose -l*m - 27 = -117. List the prime factors of m.
2, 3
Let r = 5 + -3. Suppose -z = r*z - 90. Let u = z - 21. What are the prime factors of u?
3
Let n = -11 + 13. Let w(j) = j + 7. Let f be w(-6). Suppose z - f - n = 0. List the prime factors of z.
3
Suppose 4*c - 1 = 39. Let j(h) = -h**3 + 11*h**2 - 9*h + 2. Let w be j(c). Suppose 2*b = 3*t - w, t + t + 3*b = 8. What are the prime factors of t?
2
Let z(r) = 22*r**2 - r. Let j(m) = -m**2 + 4*m - 3. Let w be j(2). List the prime factors of z(w).
3, 7
Let z = 21 + -17. Suppose -106 = -2*k - 4*c, -3*c = 2*c + 5. Suppose 0 = -d - z*d + k. What are the prime factors of d?
11
Let p(r) = 0 - r**3 + 9*r**2 - 14*r**2 + 4 - 2. Suppose 0 = -2*h - 0*h - 2, 0 = -z + 3*h - 2. What are the prime factors of p(z)?
2
Let a be -3 - 1/(1/(-2)). Let t be (2*-1 + 0)/a. Suppose -4*z + 16 = -t*z. What are the prime factors of z?
2
Suppose 0 = 4*h + 2*n - 226, 3*h - h = -5*n + 125. Suppose 3*w = -3*t - w + 61, 0 = -5*t + 5*w + h. What are the prime factors of t?
3, 5
Let m be (-38)/(-9) - 4/18. Suppose -4*v = v - m*h - 40, 0 = -5*h + 25. What are the prime factors of v?
2, 3
Suppose -87 - 2 = -l. List the prime factors of l.
89
Let q be (100/6)/((-3)/(-9)). Let a = q - 36. List the prime factors of a.
2, 7
Let j(y) = y**2 - 8*y + 19. What are the prime factors of j(8)?
19
Let g = 3 - -1. Let u be g/14 - 76/(-28). Let v = u + -1. What are the prime factors of v?
2
Let k be 0 - (-2 - (1 + -1)). Suppose 5*a = k*a + m - 121, -4*a = -m + 160. Let w = -27 - a. What are the prime factors of w?
2, 3
Suppose 13 = 5*k + c, 8 = 2*k + 2*k + 2*c. Suppose -k*i + 4*i + 14 = 0. Let t = i - -25. List the prime factors of t.
11
Let m be ((-2)/(-8))/((-6)/(-24)). Let v = 3 + m. List the prime factors of v.
2
Let g = 5 - 4. List the prime factors of (17 + 2)*(0 + g).
19
Suppose 2 + 3 = -5*j. Let z be 10*j/(-6)*3. Suppose 5*n + 4*o = 42, 2*o = -z*n + 22 + 24. What are the prime factors of n?
2, 5
Suppose 4*m - 12 = -0. Suppose m*k = 4*k - 3*b + 4, -3*k - 5*b + 44 = 0. List the prime factors of k.
2
Let c = -4 + 23. List the prime factors of c.
19
What are the prime factors of ((-210)/(-18))/((-4)/(-3) - 1)?
5, 7
Let r(z) = 40*z + 5. Let l be r(-5). List the prime factors of (-3)/6 - l/10.
19
List the prime factors of (-860)/(-18) + 4/18.
2, 3
Suppose 99 = 5*t - 0*b + b, b + 41 = 2*t. Suppose -156 - t = -4*k. Suppose 2*a = 6*a - k. List the prime factors of a.
11
Let b be 6/39 + (-516)/(-26). Suppose -5*y + b = -20. What are the prime factors of y?
2
What are the prime factors of 427/4 + 1*1/4?
107
Suppose -6*p + 2*p = -160. Let u = -22 + p. What are the prime factors of u?
2, 3
Let b(s) = -2*s - 8. Let o be b(-6). Suppose 4*p = -2*u + 5 - 1, 31 = 5*p - o*u. Suppose -p*x + 0*x = -6. List the prime factors of x.
2
List the prime factors of (-31)/(60/(-28) + 2).
7, 31
Suppose -n + 4*n - 3 = 0. Let f = n - -2. Suppose -f*i = 2*g - 4 - 2, 0 = 2*g - 4*i - 6. List the prime factors of g.
3
Suppose x - 5*c - 37 - 182 = 0, 3*c - 955 = -5*x. Suppose -5*q - 69 = 5*u - x, 21 = u - 3*q. What are the prime factors of u?
2, 3
Suppose 2*f - 3*a - 40 = 28, -5*f + 183 = -a. What are the prime factors of f?
37
Let g(c) = -4*c + 1. Suppose 20 = -3*s - s. Let b(l) = l**3 + 6*l**2 + 6*l + 3. Let x be b(s). What are the prime factors of g(x)?
3
Suppose 4*c + 0*c = -5*u + 255, 0 = 3*u - 3*c - 180. Suppose -3*f - 16 = -u. List the prime factors of f.
13
Suppose 4 = 4*n, 5*h - 2*n = -7*n + 90. List the prime factors of h.
17
Suppose 4*u - 2*i = 11 - 3, -5*i - 6 = -3*u. Suppose -5*y + 2*o + 185 = 0, u*o + o - 132 = -3*y. List the prime factors of y.
3, 13
Let q(c) = -c + 5*c - 3 + 2 + c. Suppose -b - 5 = -6*b. What are the prime factors of q(b)?
2
Let r(j) = -6*j + 12. Let n be r(-10). Suppose a = -2*a + n. Suppose 3*d - 36 - a = 0. What are the prime factors of d?
2, 5
Let q = 26 - 74. Let n = 68 + q. What are the prime factors of n?
2, 5
List the prime factors of (-52 + 77)*(-136)/(-10).
2, 5, 17
Let o(p) = 3*p - 3*p + p + p**2 + 2*p + 5. List the prime factors of o(-4).
3
Suppose 6*j = 3*j + 9. Suppose -2*m - 110 = -4*o, -4*m + 3*m = -j. What are the prime factors of o?
29
Let x be (-40)/25 + 4/(-10). Let i = x + 22. Let q = -14 + i. List the prime factors of q.
2, 3
Let f = 17 - 8. Let v = 13 - f. What are the prime factors of (-10)/(-3) - v/(-6)?
2
Suppose 3*n + 25 = 97. Suppose 0*f - n = -2*f. List the prime factors of f.
2, 3
Let v(w) = 13*w. Let i(l) = -l. Let y(b) = -18*i(b) - 2*v(b). Suppose 0*g - g = 3*k - 2, -5*g = -4*k + 9. List the prime factors of y(g).
2
Let b be -1*((-2)/1 - -17). Let w = 27 + b. What are the prime factors of w?
2, 3
Let j(z) = z - 5. Let q be j(7). Suppose 0 = -2*l - q*l + 4*o + 16, 3*l + 4*o + 16 = 0. List the prime factors of -9*(-2 + 1) - l.
3
Let a(j) be the third derivative of j**7/2520 + j**6/144 - j**5/15 + 2*j**2. Let y(q) be the third derivative of a(q). List the prime factors of y(6).
17
What are the prime factors of ((-27)/(-36))/(((-1)/(-144))/1)?
2, 3
Let h = -135 + 60. Let r = h + 53. What are the prime factors of (r/(-6))/(4/12)?
11
Let b be 4/6 - (-2)/6. Let y(i) = -7*i - 3. Let j(z) = 28*z + 13. Let g(m) = -2*j(m) - 9*y(m). List the prime factors of g(b).
2
Let i(d) = -51*d**3 - d**2 + 5*d + 2. List the prime factors of i(-2).
2, 3, 11
Suppose 2*y + 136 = 2*r, -3*r + y = -4*y - 196. What are the prime factors of r?
2, 3
Let d(a) = 1 - 1 - 4 + 3 + 9*a**2. What are the prime factors of d(-1)?
2
Let l be (12 - 0)/(-4 - -3). What are the prime factors of 106/6 - l/(-18)?
17
Let i(c) = 11*c - 7. What are the prime factors of i(3)?
2, 13
Suppose -5*r = -4*r - 16. List the prime factors of r.
2
Suppose 4*l + 46 = 122. What are the prime factors of l?
19
Let h(y) = -2*y**2 + 12*y + 7. What are the prime factors of h(6)?
7
Let a be (-1 - -2)/(7/(-21)). Let k be -2 + 1 + (-27)/a. Let d(z) = -z**3 + 9*z**2 - 6*z - 5. What are the prime factors of d(k)?
11
Let g = 5 - 1. Suppose -5*a = i - 49, g*a - 3*i - 35 + 11 = 0. What are the prime factors of a?
3
Let p(t) = -7*t**3 - t**2 + 2*t + 3. List the prime factors of p(-2).
3, 17
Let d = -390 - -696. What are the prime factors of d?
2, 3, 17
Let f(m) = m**3 + m**2 - 3*m - 1. Let v be f(-2). Suppose k - 2 = v. List the prime factors of k.
3
Let r(w) = w**3 - 5*w**2 - 6*w + 4. Let t be r(6). What are the prime factors of 10*2/t*1?
5
Let z = 13 - 1. Suppose -y = -5*y + z. Suppose -d + 0 = -y*b - 3, -8 = -2*b. What are the prime factors of d?
3, 5
Suppose -160 - 324 = -5*u - f, -3*f = 3*u - 288. List the prime factors of u.
97
Let p be 1/((-3)/54*-3). Suppose -p*t = -t - 10. What are the prime factors of 2 - (t + 1)/(-1)?
5
Suppose 3*a + 114 = 6. Let l = a - -51. Suppose -5*f + l = 0, -6*n + n - 3*f = -24. What are the prime factors of n?
3
Suppose -2*i = 4*s, -7*s - 5*i = -6*s + 18. Let n = 96 + -558. What are the prime factors of n/(-24) + s/(-8)?
19
Let q = 98 - 35. What are the prime factors of q?
3, 7
Let f = 0 + -3. Let v(q) = q**